-9) + 184/18 is divided by (k*8)/(-1 + -1).
2
Let x = 1 + -1. Suppose x = 4*c + 4*v - 1 - 3, -v = 3*c - 7. What is the remainder when c is divided by 2?
1
Let m(v) = 10*v**2 + v + 1. Let h be m(1). Suppose 4*t - h = 0, 0*z + 2*z = -5*t + 59. Calculate the remainder when 41 is divided by z.
19
Let x(v) = -5*v + 2. Let y = -24 + 17. What is the remainder when x(y) is divided by 19?
18
Suppose 74 = 3*j + 5*q, -4*q + 76 = j + 2*j. What is the remainder when 81 is divided by j?
25
Suppose -31 = 4*z - 3. Let g = -3 - z. Let a = 14 - 7. What is the remainder when a is divided by g?
3
Suppose i - a = -1, 5*i + 4*a = -0*a + 40. Let k = 21 - 11. Calculate the remainder when k is divided by i.
2
Suppose -f + 10 = -2*a, -f + 4 = -a - 2. Let o = 13 - f. Let p(v) = v**2 + 5*v - 3. What is the remainder when p(-8) is divided by o?
10
Let p = 35 - 29. What is the remainder when 22 is divided by p?
4
Suppose -29 = -5*x + r - 4, x = 3*r + 19. What is the remainder when 12 is divided by x?
0
Let w(r) = -r**3 + 9*r**2 + 4*r - 8. What is the remainder when 55 is divided by w(9)?
27
Suppose -10*k = -402 - 328. Calculate the remainder when k is divided by 37.
36
Let b = 51 + -26. Suppose -2*i - 5*k + 4*k = -15, -4*k = 3*i - b. What is the remainder when i is divided by 3?
1
Let u = 641 + -630. Let s be (-2)/3 - 674/(-3). Suppose 4*o = 3*a - 0*o - 141, 5*a - 3*o = s. What is the remainder when a is divided by u?
10
Let v(f) = -f**3 + 10*f**2 - 8*f + 5. What is the remainder when 51 is divided by v(9)?
9
Let l(j) = -j**2 - 9*j + 9. Let o(t) = -t**2 - 8*t + 8. Let r(s) = 5*l(s) - 6*o(s). Let h = 64 - 46. Calculate the remainder when h is divided by r(-5).
4
Let r = -6 + 0. Let a = -4 - r. Calculate the remainder when 22 is divided by a/8 - (-47)/4.
10
Calculate the remainder when 63/28*(-104)/(-3) is divided by 20.
18
Let q be (44/10)/(2/20). Let c = -26 + q. Calculate the remainder when 35 is divided by c.
17
Calculate the remainder when -1 - ((-5 - -2) + -35) is divided by (-20)/((-6)/(-9)*-3).
7
Suppose 4*t = 93 - 1. Calculate the remainder when (-675)/(-6)*4/5 is divided by t.
21
Let j = 39 - 27. Suppose -4*y + 115 = 2*m + y, 4*y - j = 0. Let k(o) = -7*o - 11. What is the remainder when m is divided by k(-4)?
16
Let n(b) = b**2 + b - 1. Let j(p) = -p**2 - 8*p + 6. Let y be j(-8). Suppose y*x - 20 = x. What is the remainder when n(-4) is divided by x?
3
What is the remainder when (5/(-15))/(2/(-276)) is divided by 8?
6
Suppose 0 = 5*f - 26 - 104. Let p = 40 - f. What is the remainder when 54 is divided by p?
12
Let u be 20/(-7) + 7/(-49). Calculate the remainder when 4 + (u - -7)/2 is divided by 3.
0
Calculate the remainder when 82 + (-3 + 3 - 2 - 1) is divided by 42.
37
Suppose -5*b - t = -2*t - 308, -186 = -3*b + t. Suppose 0 = 3*o + 2*o - 80. Calculate the remainder when b is divided by o.
13
Suppose -4*r + 2*u = -5*r + 48, 5*u = 10. Suppose -2*t + 22 = 54. Let d(k) = -k**2 - 18*k - 17. Calculate the remainder when r is divided by d(t).
14
Suppose 0 = -5*n - 4*q + 424, -5*q + 227 - 71 = 2*n. What is the remainder when n is divided by 7?
4
Let s = -5 - -7. Suppose 5 = -b - 4. What is the remainder when ((-3)/9)/(1/b) is divided by s?
1
Suppose 0 + 6 = -3*f. Suppose -6 = 3*o + 3. What is the remainder when 19 is divided by f - ((3 - 9) + o)?
5
Suppose 3*m - 5*q - 11 = -0*q, 2*q - 4 = -3*m. Suppose -w - 2*w = -2*b - 14, -w = -m. Calculate the remainder when 19 is divided by (10/b)/(3/(-6)).
4
Let z(o) be the third derivative of -o**5/60 + o**4/2 + 17*o**3/6 + 4*o**2. Calculate the remainder when z(12) is divided by 9.
8
Let b(a) = -5*a**3 - a**2 - 2*a - 1. What is the remainder when 76 is divided by b(-2)?
37
Suppose 5*z = 3*k - 37, -5*k + 4*z = -5 - 48. What is the remainder when 32 is divided by k?
5
Let m = 13 + -6. Calculate the remainder when 24 is divided by m.
3
Let v = 122 - 90. Let u(m) = m**3 - 3*m**2 - 7*m + 2. Let w = 4 - -1. Calculate the remainder when v is divided by u(w).
15
Let x = -29 + 19. What is the remainder when 4/20 + (-8)/x is divided by 1?
0
What is the remainder when (6/9*-501)/(-2) is divided by 28?
27
Let q(d) = d**2 + 4*d - 3. What is the remainder when q(4) is divided by 17?
12
Let q(c) = -2*c + 50. What is the remainder when ((-27)/4)/(2/(-8)) is divided by q(20)?
7
Let v(p) = -6*p + 5. What is the remainder when 45 is divided by v(-3)?
22
Let i(k) = k + 17. Calculate the remainder when 16 is divided by i(-11).
4
Let j(n) = n + 13. Let p be j(-10). Suppose p*k - 23 = 4. Calculate the remainder when 16 is divided by k.
7
Let b be ((-5)/4)/(7/(-56)). Suppose -x + 5 = -b. Suppose 0 = -4*y - 12, 249 = 5*v - 5*y + 19. Calculate the remainder when v is divided by x.
13
Let r = 3 + 1. Calculate the remainder when 11 is divided by r.
3
Suppose 25*y - 720 = 19*y. Calculate the remainder when y is divided by 32.
24
Suppose -2*p - 14 = -2*v, -4*p + 53 = 7*v - 2*v. Suppose 6*x + 210 = 12*x. What is the remainder when x is divided by v?
8
Suppose -2*n + 123 - 27 = 0. What is the remainder when n is divided by 5?
3
Suppose 34 - 4 = 2*b. What is the remainder when 44 is divided by b?
14
Calculate the remainder when 33 is divided by (-1170)/(-91) + (-2)/(-14).
7
Let w(i) = -88*i**2 - i. Let u be w(-1). Let z = -62 - u. Calculate the remainder when z is divided by 13.
12
Let z = -45 + 80. Let m = z - 20. Let g(v) = 43*v**2 - 2*v - 2. What is the remainder when g(-1) is divided by m?
13
Let o = 42 + -16. Suppose 6*w - o = -8. Suppose -3*l = -7*l + 44. Calculate the remainder when l is divided by w.
2
Suppose -3*l + 8*l = 125. Calculate the remainder when l is divided by 13.
12
Let z = -24 - -38. Suppose -9 = -3*k + 2*v, -4*k + 6*k + 5*v - 25 = 0. Suppose q + 4 = -3*q, k*q = -3*h + 115. Calculate the remainder when h is divided by z.
12
Suppose 67 = w + 5*q, 2*w = 4*w - 5*q - 194. Calculate the remainder when w is divided by 31.
25
Suppose p - 18 - 7 = 0. What is the remainder when p is divided by 9?
7
Suppose -3*z + 26 + 25 = 0. What is the remainder when 74 is divided by z?
6
Let t(n) = -5*n - 4. Let p be ((-8)/(-4))/((-1)/(-2)). Let m = p + 4. Calculate the remainder when t(-7) is divided by m.
7
Let i be (-39)/(-15) - (-4)/10. What is the remainder when i/(-3) - (-2 - 34) is divided by 19?
16
Suppose -5*d + 4 + 21 = 0. Let q = 9 - d. Let v = q + 1. What is the remainder when 9 is divided by v?
4
Let s(f) = -3*f - 10. Let r(p) = p**3 - 5*p**2 - 4*p - 7. Calculate the remainder when r(6) is divided by s(-4).
1
Let p = -12 - -20. Let q = p + -1. Suppose 20*b - 22*b = -38. What is the remainder when b is divided by q?
5
Let k(j) = -2*j - 2. Calculate the remainder when 57 is divided by k(-7).
9
Let w(j) = -j**2 + j + 6. Let v be 3*(-2)/3 - -6. Let h(g) = g**2 - 6. Let i(u) = v*h(u) + 3*w(u). What is the remainder when i(4) is divided by 12?
10
Suppose -p + 810 = 8*p. What is the remainder when p is divided by 25?
15
Suppose -h = -5*j + 3*j + 111, 4*j - 212 = 4*h. Calculate the remainder when j is divided by 30.
28
Suppose -1 = 2*y + s - 11, -3*y = s - 16. Suppose -70 = 5*a + 5*f, 0 = 4*a + a - 5*f + 40. Let w = 28 + a. What is the remainder when w is divided by y?
5
Let s(l) = l**3 - 5*l**2 - 4*l + 3. Suppose 67 = 5*g - 3*h, 3*h = -4*g + 5*h + 52. Let t = g - 4. What is the remainder when s(t) is divided by 19?
16
Let v = 5 + -6. Let u be ((v - -1)/1)/2. Suppose 5*p + 0*p - 70 = u. Calculate the remainder when 26 is divided by p.
12
Let r = 136 + -78. Calculate the remainder when r is divided by 21.
16
Let j = -13 - -200. What is the remainder when j is divided by 38?
35
Let d(c) = 15*c - 3. What is the remainder when d(4) is divided by 12?
9
Let w be (-10)/(3 - 2) - 1. Let s(b) = b**3 + 12*b**2 + 9*b + 12. Calculate the remainder when s(w) is divided by 12.
10
Let f = -12 - -52. Suppose -52 - 58 = -5*s. Suppose 20*l + 28 = s*l. What is the remainder when f is divided by l?
12
Suppose 5*g = -0*d + d + 240, -4*g + d + 193 = 0. Let y = -9 + 12. Calculate the remainder when g is divided by y*-1 + (14 - -5).
15
Suppose -2*y + 62 = 3*y + u, 0 = -2*y + 4*u + 38. What is the remainder when 36 is divided by y?
10
Suppose -m = 1, -6*a + a - 5*m - 130 = 0. Let l = a + 49. Calculate the remainder when l is divided by 13.
11
Let q = 13 - 9. What is the remaind